{"id":1761,"date":"2013-10-30T01:52:38","date_gmt":"2013-10-30T01:52:38","guid":{"rendered":"http:\/\/www.ultimotipo.com.br\/site\/?page_id=1761"},"modified":"2017-05-17T17:06:03","modified_gmt":"2017-05-17T17:06:03","slug":"velu-carvalho","status":"publish","type":"page","link":"https:\/\/www.ultimotipo.com.br\/site\/os-tipos\/velu-carvalho\/","title":{"rendered":"Velu Carvalho"},"content":{"rendered":"<p><img loading=\"lazy\" decoding=\"async\" class=\"size-full wp-image-1935 alignleft\" style=\"margin: 5px 10px;\" src=\"http:\/\/www.ultimotipo.com.br\/site\/wp-content\/uploads\/2013\/10\/tipos_velu.jpg\" alt=\"tipos_velu\" width=\"250\" height=\"250\" srcset=\"https:\/\/www.ultimotipo.com.br\/site\/wp-content\/uploads\/2013\/10\/tipos_velu.jpg 250w, https:\/\/www.ultimotipo.com.br\/site\/wp-content\/uploads\/2013\/10\/tipos_velu-150x150.jpg 150w, https:\/\/www.ultimotipo.com.br\/site\/wp-content\/uploads\/2013\/10\/tipos_velu-70x70.jpg 70w\" sizes=\"(max-width: 250px) 100vw, 250px\" \/>Vera L\u00facia da Silva Carvalho, ou simplesmente Vel\u00fa, \u00e9 aut\u00eantica como seu nome art\u00edstico. \u00c9 do &#8220;tipo&#8221; que n\u00e3o passa batido quando chega. Natural de Itau\u00e7\u00fa, Goi\u00e1s, participou de diversos cursos de Teatro, dentre eles: Oficina com o professor Alexandre Braga (1989); Oficina de Experi\u00eancias Teatrais, ministrada por Hugo Zorzetti (Teatro Exerc\u00edcio), no Instituto de Artes da UFG (1993); Express\u00e3o Vocal para Atores na Funda\u00e7\u00e3o Cl\u00f3vis Salgado, em Belo Horizonte (1995); Oficina de Interpreta\u00e7\u00e3o sobre o M\u00e9todo Stanisl\u00e1vsk, com a professora Lucia Castelo Branco, j\u00e1 em Campinas (1997).<\/p>\n<p>Na m\u00fasica, fez curso de canto no Centro Cultural Gustav Riter, em Goi\u00e2nia (1991); Escola de M\u00fasica Lilian, em Goi\u00e2nia (1991); e participou do Coral Esp\u00edrita com o regente Miro Rodrigues, tamb\u00e9m em Goi\u00e2nia (1988). De 2006 a 2007, participou da Oficina de Dan\u00e7a Contempor\u00e2nea ministrada por Juliana Couto (Excaravelhas), no Ninho das Artes.<\/p>\n<p>Na poesia, ela \u00e9 destaque. J\u00e1 participou de diversos concursos e neles ganhou pr\u00eamios: Melhor Int\u00e9rprete no 1\u00b0 Concurso de Poesia Falada do Espa\u00e7o Cultural O Coruj\u00e3o, com o poema \u201cOlhos\u201d (1989); Melhor Texto e 4\u00ba lugar no Festival de Poesia Falada de Pires do Rio (1990) e Melhor Int\u00e9rprete no FAMA (Festival de Artes de Monte Alegre de Goi\u00e1s) (1991), com o poema \u201cBotique do Sorriso\u201d; Melhor Int\u00e9rprete no l\u00b0 Concurso de Poesia Falada Picanha na Brasa com o poema \u201cPara N\u00e3o Dizer que Eu N\u00e3o Falei\u201d, composto com Jara Carvalho e D\u00e9o Piti (1991); novamente 4\u00ba lugar no Festival de Poesia Falada de Pires do Rio, com \u201cRegistro Geral\u201d (1991); 1\u00ba lugar no l\u00b0 Festival de Poesia Falada do Charlin Chaplin Chopp, com \u201cAten\u00e7\u00e3o ao Louco\u201d (1991); Melhor Int\u00e9rprete e 1\u00ba lugar no Concurso de Poesia Falada do Espa\u00e7o Cultural O Coruj\u00e3o, com \u201cBotique do Sorriso\u201d (1991); e Melhor Int\u00e9rprete e 2\u00ba lugar no Concurso Pio Vargas de Poesia Falada da ASEG (Associa\u00e7\u00e3o dos Economi\u00e1rios do Estado de Goi\u00e1s), com \u201cHalloween\u201d (1992). Quanto pr\u00eamio!<\/p>\n<p>Vel\u00fa tamb\u00e9m realizou a exposi\u00e7\u00e3o \u201cSucatinha Sucat\u00e3o faz Boneca de Mont\u00e3o\u201d, exposi\u00e7\u00e3o de bonecas feitas com sucata no Bar Cidade L\u00edrios em Campinas (2000). No teatro: \u201c\u00c1lbum de Fam\u00edlia\u201d, de Nelson Rodrigues, no Grupo Gin\u00e1stico (1992\/93); \u201cDorot\u00e9ia\u201d, de Nelson Rodrigues, no Grupo Gin\u00e1stico (1993); \u201cUma Caixa, Uma Caixinha e a Surpresa Ser\u00e1 Minha\u201d, de Milton Rodrigues, na Companhia Brasiliense de Teatro (1994); \u201cA Incr\u00edvel Viagem de Doc Comparato\u201d, na Companhia Brasiliense de Teatro (1995).<\/p>\n<p>E j\u00e1 pelo \u00daltimo Tipo: \u201cShow Moiras\u201d, poema: Simplesmente (l990); \u201cCaba\u00e7a M\u00e1gica\u201d, poema: Halloween (l992); \u201cRetrospectipo\u201d (1992); \u201cCirco de Lat\u00e3o\u201d (1997), \u201cOutra Festa no C\u00e9u\u201d (1999); \u201cM\u00e1quina da Pregui\u00e7a\u201d (2000); \u201cO Livro de Rebeca\u201d (2002); \u201cAs Cigarras e a Formiga\u201d (2003); Espet\u00e1culo do projeto Dramas Femininos \u2013 ACADEC (2003); \u201cCirque Du Chul\u00e9\u201d (2004); \u201cA Geringon\u00e7a do Lobato\u201d (2006); \u201cEntrando Numa Flicts\u201d (2007); \u201cO Treco da Pata Choca\u201d (2009); e \u201cO Amor&#8230;e Outras Piadas\u201d (2013), &#8220;Rio que passa l\u00e1&#8221; (2014).<\/p>\n","protected":false},"excerpt":{"rendered":"<p>Vera L\u00facia da Silva Carvalho, ou simplesmente Vel\u00fa, \u00e9 aut\u00eantica como seu nome art\u00edstico. \u00c9 do &#8220;tipo&#8221; que n\u00e3o passa batido quando chega. Natural de Itau\u00e7\u00fa, Goi\u00e1s, participou de diversos cursos de Teatro, dentre eles: Oficina com o professor Alexandre Braga (1989); Oficina de Experi\u00eancias Teatrais, ministrada por Hugo Zorzetti (Teatro Exerc\u00edcio), no Instituto de Artes da UFG (1993); Express\u00e3o Vocal para Atores na Funda\u00e7\u00e3o Cl\u00f3vis Salgado, em Belo Horizonte (1995); Oficina de Interpreta\u00e7\u00e3o sobre o M\u00e9todo Stanisl\u00e1vsk, com a &hellip; <a href=\"https:\/\/www.ultimotipo.com.br\/site\/os-tipos\/velu-carvalho\/\">Leia Mais <span class=\"meta-nav\"> | +<\/span><\/a><\/p>\n","protected":false},"author":1,"featured_media":1935,"parent":36,"menu_order":0,"comment_status":"closed","ping_status":"closed","template":"","meta":{"footnotes":""},"_links":{"self":[{"href":"https:\/\/www.ultimotipo.com.br\/site\/wp-json\/wp\/v2\/pages\/1761"}],"collection":[{"href":"https:\/\/www.ultimotipo.com.br\/site\/wp-json\/wp\/v2\/pages"}],"about":[{"href":"https:\/\/www.ultimotipo.com.br\/site\/wp-json\/wp\/v2\/types\/page"}],"author":[{"embeddable":true,"href":"https:\/\/www.ultimotipo.com.br\/site\/wp-json\/wp\/v2\/users\/1"}],"replies":[{"embeddable":true,"href":"https:\/\/www.ultimotipo.com.br\/site\/wp-json\/wp\/v2\/comments?post=1761"}],"version-history":[{"count":7,"href":"https:\/\/www.ultimotipo.com.br\/site\/wp-json\/wp\/v2\/pages\/1761\/revisions"}],"predecessor-version":[{"id":7029,"href":"https:\/\/www.ultimotipo.com.br\/site\/wp-json\/wp\/v2\/pages\/1761\/revisions\/7029"}],"up":[{"embeddable":true,"href":"https:\/\/www.ultimotipo.com.br\/site\/wp-json\/wp\/v2\/pages\/36"}],"wp:featuredmedia":[{"embeddable":true,"href":"https:\/\/www.ultimotipo.com.br\/site\/wp-json\/wp\/v2\/media\/1935"}],"wp:attachment":[{"href":"https:\/\/www.ultimotipo.com.br\/site\/wp-json\/wp\/v2\/media?parent=1761"}],"curies":[{"name":"wp","href":"https:\/\/api.w.org\/{rel}","templated":true}]}}