{"id":1763,"date":"2013-10-30T01:53:29","date_gmt":"2013-10-30T01:53:29","guid":{"rendered":"http:\/\/www.ultimotipo.com.br\/site\/?page_id=1763"},"modified":"2017-05-17T17:05:56","modified_gmt":"2017-05-17T17:05:56","slug":"lora-brito","status":"publish","type":"page","link":"https:\/\/www.ultimotipo.com.br\/site\/os-tipos\/lora-brito\/","title":{"rendered":"Lora Brito"},"content":{"rendered":"<p><img loading=\"lazy\" decoding=\"async\" class=\"size-full wp-image-1934 alignleft\" style=\"margin: 5px 10px;\" src=\"http:\/\/www.ultimotipo.com.br\/site\/wp-content\/uploads\/2013\/10\/tipos_lora.jpg\" alt=\"tipos_lora\" width=\"250\" height=\"250\" srcset=\"https:\/\/www.ultimotipo.com.br\/site\/wp-content\/uploads\/2013\/10\/tipos_lora.jpg 250w, https:\/\/www.ultimotipo.com.br\/site\/wp-content\/uploads\/2013\/10\/tipos_lora-150x150.jpg 150w, https:\/\/www.ultimotipo.com.br\/site\/wp-content\/uploads\/2013\/10\/tipos_lora-70x70.jpg 70w\" sizes=\"(max-width: 250px) 100vw, 250px\" \/>N\u00e3o tem como falar dela sem antes falar da sua voz. Mezo soprano, a voz da L\u00f3ra brinca, encanta e passeia pelos ouvidos de todos os tipos*. Tamb\u00e9m n\u00e3o tem como deixar de falar da sua presen\u00e7a de palco. Forte e \u00fanica, a L\u00f3ra \u00e9 incr\u00edvel!<\/p>\n<p>Agora, as apresenta\u00e7\u00f5es formais: seu nome de batismo \u00e9 Maria Concei\u00e7\u00e3o Pinheiro Brito. Cantora e atriz, L\u00f3ra \u00e9 natural de Lagoa Santa\/MG e atua no Grupo \u00daltimo Tipo desde 1990, al\u00e9m de desenvolver, paralelamente, sua carreira solo.<\/p>\n<p>Como atriz, possui grande experi\u00eancia em teatro infantil, tendo participado da montagem de espet\u00e1culos como \u201cA Floresta Encantada\u201d, \u201cA Gata Borralheira\u201d e o \u201cS\u00edtio do Pica-pau Amarelo\u201d, realizados pela Pinheiro Produ\u00e7\u00f5es, em Goi\u00e2nia, de 1991 a 1993. Participou tamb\u00e9m da montagem de \u201cA Aurora da Minha Vida\u201d, de Naum Alves de Souza, e dire\u00e7\u00e3o de Luiz Roberto Pinheiro, em 1993. Estudou teatro com Hugo Zorzzetti da Universidade Federal de Goi\u00e1s, em 1993, com quem tamb\u00e9m participou, j\u00e1 como cantora, da montagem \u201cMorreu Mas Passa Bem\u201d.<\/p>\n<p>Sua carreira de canto iniciou-se em 1988 no Coral da Cidade (Goi\u00e2nia), regido por Joana Cristina Brito. No mesmo ano, participou do I Festival do SESC de Interpreta\u00e7\u00e3o, no qual conquistou o primeiro lugar, ao lado de Gisela Caixeta. Em 1989, passou a integrar o Coral Sonho de Valsa, regido por Miro Rodrigues (Goi\u00e2nia). Em 1991, ingressou no Coral da Escola Gustavo Ritter (Goi\u00e2nia), quando recebeu orienta\u00e7\u00f5es de canto de Jocelyn Maroccolo (atual OSESP).<\/p>\n<p>L\u00f3ra tamb\u00e9m j\u00e1 ministrou aulas na ONG ACADEC e no CRAISA, para crian\u00e7as em situa\u00e7\u00e3o de rua de Campinas, de 1998 a 2002. Atualmente \u00e9 professora de canto do Grupo de Teatro SOTAC, em Campinas. Al\u00e9m do \u00daltimo Tipo, canta em casas noturnas, faz participa\u00e7\u00f5es especiais em shows de outros artistas, al\u00e9m de grava\u00e7\u00f5es de discos como os de Omar Kaian, Ney Couteiro e Adriano Dias.<\/p>\n<p><a href=\"https:\/\/www.facebook.com\/photo.php?fbid=535661146469501&amp;set=a.397799610255656.76397.213824805319805&amp;type=1&amp;relevant_count=1\"><br \/>\n<\/a>* Inspirado no poema de Jos\u00e9 Fernando Entratice.<\/p>\n","protected":false},"excerpt":{"rendered":"<p>N\u00e3o tem como falar dela sem antes falar da sua voz. Mezo soprano, a voz da L\u00f3ra brinca, encanta e passeia pelos ouvidos de todos os tipos*. Tamb\u00e9m n\u00e3o tem como deixar de falar da sua presen\u00e7a de palco. Forte e \u00fanica, a L\u00f3ra \u00e9 incr\u00edvel! Agora, as apresenta\u00e7\u00f5es formais: seu nome de batismo \u00e9 Maria Concei\u00e7\u00e3o Pinheiro Brito. Cantora e atriz, L\u00f3ra \u00e9 natural de Lagoa Santa\/MG e atua no Grupo \u00daltimo Tipo desde 1990, al\u00e9m de desenvolver, paralelamente, &hellip; <a href=\"https:\/\/www.ultimotipo.com.br\/site\/os-tipos\/lora-brito\/\">Leia Mais <span class=\"meta-nav\"> | +<\/span><\/a><\/p>\n","protected":false},"author":1,"featured_media":1934,"parent":36,"menu_order":0,"comment_status":"closed","ping_status":"closed","template":"","meta":{"footnotes":""},"_links":{"self":[{"href":"https:\/\/www.ultimotipo.com.br\/site\/wp-json\/wp\/v2\/pages\/1763"}],"collection":[{"href":"https:\/\/www.ultimotipo.com.br\/site\/wp-json\/wp\/v2\/pages"}],"about":[{"href":"https:\/\/www.ultimotipo.com.br\/site\/wp-json\/wp\/v2\/types\/page"}],"author":[{"embeddable":true,"href":"https:\/\/www.ultimotipo.com.br\/site\/wp-json\/wp\/v2\/users\/1"}],"replies":[{"embeddable":true,"href":"https:\/\/www.ultimotipo.com.br\/site\/wp-json\/wp\/v2\/comments?post=1763"}],"version-history":[{"count":6,"href":"https:\/\/www.ultimotipo.com.br\/site\/wp-json\/wp\/v2\/pages\/1763\/revisions"}],"predecessor-version":[{"id":7028,"href":"https:\/\/www.ultimotipo.com.br\/site\/wp-json\/wp\/v2\/pages\/1763\/revisions\/7028"}],"up":[{"embeddable":true,"href":"https:\/\/www.ultimotipo.com.br\/site\/wp-json\/wp\/v2\/pages\/36"}],"wp:featuredmedia":[{"embeddable":true,"href":"https:\/\/www.ultimotipo.com.br\/site\/wp-json\/wp\/v2\/media\/1934"}],"wp:attachment":[{"href":"https:\/\/www.ultimotipo.com.br\/site\/wp-json\/wp\/v2\/media?parent=1763"}],"curies":[{"name":"wp","href":"https:\/\/api.w.org\/{rel}","templated":true}]}}