{"id":61,"date":"2013-06-05T19:50:27","date_gmt":"2013-06-05T19:50:27","guid":{"rendered":"http:\/\/ultimotipo.birahcarvalho.com.br\/site\/?page_id=61"},"modified":"2019-01-22T21:55:27","modified_gmt":"2019-01-22T21:55:27","slug":"o-livro-de-rebeca","status":"publish","type":"page","link":"https:\/\/www.ultimotipo.com.br\/site\/espetaculos\/para-criancas\/o-livro-de-rebeca\/","title":{"rendered":"O Livro de Rebeca"},"content":{"rendered":"<p>Tr\u00eas pilares b\u00e1sicos norteiam este enredo: primeiro, um livro; segundo, um autor que desiste de escrever porque acha que nem os adultos nem as crian\u00e7as se interessam por livros; e, terceiro, Rebeca, uma personagem em busca de algu\u00e9m que escreva um final para sua hist\u00f3ria.<\/p>\n<p>Rebeca j\u00e1 sabia que no dia em que fizesse 15 anos sua m\u00e3e iria revelar-lhe um segredo, mas, quando chega o grande dia, a sua hist\u00f3ria \u00e9 interrompida e nada mais acontece. E justamente neste momento ela se encontra sozinha em seu quarto, se preparando para a festa. Assim, fica isolada da fam\u00edlia e do resto de seu mundo.<\/p>\n<p>\u00c9 essa situa\u00e7\u00e3o que leva Rebeca a se lan\u00e7ar no mundo real, em busca de algu\u00e9m que termine sua hist\u00f3ria. Nessa aventura, a menina conhece duas pessoas que tentam ajud\u00e1-la a resolver o problema: Sr. Guimar\u00e3es e Sr. Rosa (em homenagem ao grande escritor). Assim, fantasia e realidade se confundem nessa busca.<\/p>\n<p>Atrav\u00e9s da menina, aparecem coisas de seu mundo fant\u00e1stico, como uma penteadeira e um cachorro. No mundo real, ela se depara com situa\u00e7\u00f5es n\u00e3o menos extravagantes, como, por exemplo, o fato de s\u00f3 ela conseguir enxergar o Sr. Rosa.<\/p>\n<p>Durante sua jornada, Rebeca conta parte da hist\u00f3ria que est\u00e1 escrita em seu livro. Fala do s\u00edtio onde morava e de situa\u00e7\u00f5es bem humoradas que viveu, como o dia em que foi roubado o porco que seu pai estava engordando para o natal. Trata um pouco de ecologia e cidadania quando conta que seu irm\u00e3o, Kipo, inventa coisas feitas com sucata, ajudando assim a diminuir o ac\u00famulo de lixo pelo mundo.<\/p>\n<p>Seu cachorro, Samba-le-l\u00ea, que tem como tema a conhecida m\u00fasica folcl\u00f3rica de mesmo nome, tamb\u00e9m atravessa as barreiras da realidade, por\u00e9m, fica inanimado, como um boneco. A saudade que tem de seus familiares, especialmente da m\u00e3e, \u00e9 que faz com que Rebeca n\u00e3o se canse na busca de um final para sua hist\u00f3ria.<\/p>\n<p>Durante o espet\u00e1culo, o Sr. Guimar\u00e3es vai deixando escapar informa\u00e7\u00f5es, formando uma esp\u00e9cie de charada que, por fim, revelar\u00e1 quem \u00e9 o autor do livro. Rebeca ser\u00e1 o pr\u00f3prio detetive que desvendar\u00e1 a trama com a ajuda da plateia.<\/p>\n<p>Totalmente interativo, o espet\u00e1culo conta com 10 m\u00fasicas in\u00e9ditas, dentre outras. Cada can\u00e7\u00e3o explora um ritmo brasileiro diferente, como bai\u00e3o, coco, marcha, frevo, samba&#8230; A alegria predomina durante toda a apresenta\u00e7\u00e3o!<\/p>\n<p><strong>Trajet\u00f3ria<\/strong><\/p>\n<p>O espet\u00e1culo foi montado em 2002, tendo como palco o SESC Campinas e a Biblioteca Municipal de Campinas (SP). No mesmo ano, percorreu diversas escolas da rede municipal de ensino de Jundia\u00ed (SP) e Campinas. Em 2003, foi selecionado pelo projeto Crian\u00e7a Cidad\u00e3, em Goi\u00e2nia (GO), para diversas apresenta\u00e7\u00f5es nas creches municipais. Em 2004, foi apresentado no teatro Zabriskie, tamb\u00e9m em Goi\u00e2nia.<\/p>\n<p>Em 2005, foi selecionado para o Festival de Inverno de Amparo (SP). Em 2007, fez parte da programa\u00e7\u00e3o da Aldeia do Papai Noel, em Jundia\u00ed. Em 2008, fez parte da programa\u00e7\u00e3o de teatro infantil da CPFL Cultura, em Campinas.<\/p>\n<p>Em 2009, o grupo realizou a grava\u00e7\u00e3o do DVD do espet\u00e1culo, a convite da Universidade Anhanguera, em Campinas, dentro do projeto Biblioteca Aberta. Os DVDs foram distribu\u00eddos para todas as unidades da universidade que mantinham o projeto.<\/p>\n<p>Em 2010, fez parte novamente da programa\u00e7\u00e3o de teatro infantil da CPFL Cultura, em Campinas. Em 2011, foi apresentado no programa Viver Bem, da Cia. Vale do Rio Doce, em Ouril\u00e2ndia do Norte (PA). No mesmo ano, foi selecionado nos editais do SESI SP para se apresentar em v\u00e1rias unidades, dentre elas Piracicaba, Campinas, Santos, Cotia e Botucatu.<\/p>\n<p>Em 2013, participou do projeto Teatro Infantil Itinerante, da CPFL Cultura, percorrendo as cidades de Sorocaba (SP), Ribeir\u00e3o Preto (SP) e Santos (SP). Em 2014, participou do projeto Luz, Magia e A\u00e7\u00e3o, financiado pela Lei Rouanet, na cidade de Pindamonhangaba (SP), com 42 apresenta\u00e7\u00f5es em 21 escolas municipais. Pelo mesmo projeto, em 2015, foi\u00a0apresentado nas cidades de Sumar\u00e9 (SP), Birigui (SP), Campinas e Guapia\u00e7u (SP).<\/p>\n<p>Em 2016, participou da Campanha de Populariza\u00e7\u00e3o do Teatro de Campinas. Tamb\u00e9m foi apresentado no SESI Cidadania, em Goi\u00e2nia, no Projeto Cortina Aberta.<\/p>\n<p>Em 2017,\u00a0<span style=\"font-weight: 400;\">participa da mostra do Grupo \u00daltimo Tipo no SESC Vila Mariana, em janeiro. \u00c9 selecionado pelo Edital do SESI e se apresenta na cidade de Araras.<\/span><\/p>\n<p><span style=\"font-weight: 400;\">Em 2018, atrav\u00e9s do projeto Teatro na Villa o espet\u00e1culo percorre 32 escolas da regi\u00e3o de Campinas\/SP. \u00c9 selecionado pelo <\/span><span style=\"font-weight: 400;\">EDITAL<\/span><span style=\"font-weight: 400;\"> \u00a0<\/span><span style=\"font-weight: 400;\">TERRIT\u00d3RIO SESI-SP DE ARTE E CULTURA \u2013 para ser apresentado nas unidades do SESI de Campinas \/Santos Dumont, It\u00fa, Jundia\u00ed e Sumar\u00e9. <\/span><\/p>\n<p><strong>Dura\u00e7\u00e3o:<\/strong> 50 minutos<\/p>\n<p><strong>Ficha T\u00e9cnica<\/strong><\/p>\n<p>Elenco<br \/>\nD\u00e9o Piti: Sr. Guimar\u00e3es<br \/>\nJara Carvalho: Sr. Rosa<br \/>\nVel\u00fa Carvalho: Rebeca<\/p>\n<p>Texto: Vel\u00fa Carvalho<br \/>\nDire\u00e7\u00e3o: D\u00e9o Piti<br \/>\nCen\u00e1rio: Jara Carvalho e D\u00e9o Piti<br \/>\nIlumina\u00e7\u00e3o: Andr\u00e9 Salvador<\/p>\n<p>&nbsp;<\/p>\n<div id='gallery-1' class='gallery galleryid-61 gallery-columns-4 gallery-size-thumbnail'><dl class='gallery-item'>\n\t\t\t<dt class='gallery-icon portrait'>\n\t\t\t\t<a href='https:\/\/www.ultimotipo.com.br\/site\/wp-content\/uploads\/2013\/08\/o_livro_de_rebeca_023.jpg'><img loading=\"lazy\" decoding=\"async\" width=\"150\" height=\"150\" src=\"https:\/\/www.ultimotipo.com.br\/site\/wp-content\/uploads\/2013\/08\/o_livro_de_rebeca_023-150x150.jpg\" class=\"attachment-thumbnail size-thumbnail\" alt=\"\" srcset=\"https:\/\/www.ultimotipo.com.br\/site\/wp-content\/uploads\/2013\/08\/o_livro_de_rebeca_023-150x150.jpg 150w, https:\/\/www.ultimotipo.com.br\/site\/wp-content\/uploads\/2013\/08\/o_livro_de_rebeca_023-70x70.jpg 70w\" sizes=\"(max-width: 150px) 100vw, 150px\" \/><\/a>\n\t\t\t<\/dt><\/dl><dl class='gallery-item'>\n\t\t\t<dt class='gallery-icon landscape'>\n\t\t\t\t<a href='https:\/\/www.ultimotipo.com.br\/site\/wp-content\/uploads\/2013\/08\/o_livro_de_rebeca_022.jpg'><img loading=\"lazy\" decoding=\"async\" width=\"150\" height=\"150\" src=\"https:\/\/www.ultimotipo.com.br\/site\/wp-content\/uploads\/2013\/08\/o_livro_de_rebeca_022-150x150.jpg\" class=\"attachment-thumbnail size-thumbnail\" alt=\"\" srcset=\"https:\/\/www.ultimotipo.com.br\/site\/wp-content\/uploads\/2013\/08\/o_livro_de_rebeca_022-150x150.jpg 150w, https:\/\/www.ultimotipo.com.br\/site\/wp-content\/uploads\/2013\/08\/o_livro_de_rebeca_022-70x70.jpg 70w\" sizes=\"(max-width: 150px) 100vw, 150px\" \/><\/a>\n\t\t\t<\/dt><\/dl><dl class='gallery-item'>\n\t\t\t<dt class='gallery-icon landscape'>\n\t\t\t\t<a href='https:\/\/www.ultimotipo.com.br\/site\/wp-content\/uploads\/2013\/08\/o_livro_de_rebeca_021.jpg'><img loading=\"lazy\" decoding=\"async\" width=\"150\" height=\"150\" src=\"https:\/\/www.ultimotipo.com.br\/site\/wp-content\/uploads\/2013\/08\/o_livro_de_rebeca_021-150x150.jpg\" class=\"attachment-thumbnail size-thumbnail\" alt=\"\" srcset=\"https:\/\/www.ultimotipo.com.br\/site\/wp-content\/uploads\/2013\/08\/o_livro_de_rebeca_021-150x150.jpg 150w, https:\/\/www.ultimotipo.com.br\/site\/wp-content\/uploads\/2013\/08\/o_livro_de_rebeca_021-70x70.jpg 70w\" sizes=\"(max-width: 150px) 100vw, 150px\" \/><\/a>\n\t\t\t<\/dt><\/dl><dl class='gallery-item'>\n\t\t\t<dt class='gallery-icon landscape'>\n\t\t\t\t<a href='https:\/\/www.ultimotipo.com.br\/site\/wp-content\/uploads\/2013\/08\/o_livro_de_rebeca_020.jpg'><img loading=\"lazy\" decoding=\"async\" width=\"150\" height=\"150\" src=\"https:\/\/www.ultimotipo.com.br\/site\/wp-content\/uploads\/2013\/08\/o_livro_de_rebeca_020-150x150.jpg\" class=\"attachment-thumbnail size-thumbnail\" alt=\"\" srcset=\"https:\/\/www.ultimotipo.com.br\/site\/wp-content\/uploads\/2013\/08\/o_livro_de_rebeca_020-150x150.jpg 150w, https:\/\/www.ultimotipo.com.br\/site\/wp-content\/uploads\/2013\/08\/o_livro_de_rebeca_020-70x70.jpg 70w\" sizes=\"(max-width: 150px) 100vw, 150px\" \/><\/a>\n\t\t\t<\/dt><\/dl><br style=\"clear: both\" \/><dl class='gallery-item'>\n\t\t\t<dt class='gallery-icon landscape'>\n\t\t\t\t<a href='https:\/\/www.ultimotipo.com.br\/site\/wp-content\/uploads\/2013\/08\/o_livro_de_rebeca_018.jpg'><img loading=\"lazy\" decoding=\"async\" width=\"150\" height=\"150\" src=\"https:\/\/www.ultimotipo.com.br\/site\/wp-content\/uploads\/2013\/08\/o_livro_de_rebeca_018-150x150.jpg\" class=\"attachment-thumbnail size-thumbnail\" alt=\"\" srcset=\"https:\/\/www.ultimotipo.com.br\/site\/wp-content\/uploads\/2013\/08\/o_livro_de_rebeca_018-150x150.jpg 150w, https:\/\/www.ultimotipo.com.br\/site\/wp-content\/uploads\/2013\/08\/o_livro_de_rebeca_018-70x70.jpg 70w\" sizes=\"(max-width: 150px) 100vw, 150px\" \/><\/a>\n\t\t\t<\/dt><\/dl><dl class='gallery-item'>\n\t\t\t<dt class='gallery-icon portrait'>\n\t\t\t\t<a href='https:\/\/www.ultimotipo.com.br\/site\/wp-content\/uploads\/2013\/08\/o_livro_de_rebeca_019.jpg'><img loading=\"lazy\" decoding=\"async\" width=\"150\" height=\"150\" src=\"https:\/\/www.ultimotipo.com.br\/site\/wp-content\/uploads\/2013\/08\/o_livro_de_rebeca_019-150x150.jpg\" class=\"attachment-thumbnail size-thumbnail\" alt=\"\" srcset=\"https:\/\/www.ultimotipo.com.br\/site\/wp-content\/uploads\/2013\/08\/o_livro_de_rebeca_019-150x150.jpg 150w, https:\/\/www.ultimotipo.com.br\/site\/wp-content\/uploads\/2013\/08\/o_livro_de_rebeca_019-70x70.jpg 70w\" sizes=\"(max-width: 150px) 100vw, 150px\" \/><\/a>\n\t\t\t<\/dt><\/dl><dl class='gallery-item'>\n\t\t\t<dt class='gallery-icon portrait'>\n\t\t\t\t<a href='https:\/\/www.ultimotipo.com.br\/site\/wp-content\/uploads\/2013\/08\/o_livro_de_rebeca_015.jpg'><img loading=\"lazy\" decoding=\"async\" width=\"150\" height=\"150\" src=\"https:\/\/www.ultimotipo.com.br\/site\/wp-content\/uploads\/2013\/08\/o_livro_de_rebeca_015-150x150.jpg\" class=\"attachment-thumbnail size-thumbnail\" alt=\"\" srcset=\"https:\/\/www.ultimotipo.com.br\/site\/wp-content\/uploads\/2013\/08\/o_livro_de_rebeca_015-150x150.jpg 150w, https:\/\/www.ultimotipo.com.br\/site\/wp-content\/uploads\/2013\/08\/o_livro_de_rebeca_015-70x70.jpg 70w\" sizes=\"(max-width: 150px) 100vw, 150px\" \/><\/a>\n\t\t\t<\/dt><\/dl><dl class='gallery-item'>\n\t\t\t<dt class='gallery-icon landscape'>\n\t\t\t\t<a href='https:\/\/www.ultimotipo.com.br\/site\/wp-content\/uploads\/2013\/08\/o_livro_de_rebeca_017.jpg'><img loading=\"lazy\" decoding=\"async\" width=\"150\" height=\"150\" src=\"https:\/\/www.ultimotipo.com.br\/site\/wp-content\/uploads\/2013\/08\/o_livro_de_rebeca_017-150x150.jpg\" class=\"attachment-thumbnail size-thumbnail\" alt=\"\" srcset=\"https:\/\/www.ultimotipo.com.br\/site\/wp-content\/uploads\/2013\/08\/o_livro_de_rebeca_017-150x150.jpg 150w, https:\/\/www.ultimotipo.com.br\/site\/wp-content\/uploads\/2013\/08\/o_livro_de_rebeca_017-70x70.jpg 70w\" sizes=\"(max-width: 150px) 100vw, 150px\" \/><\/a>\n\t\t\t<\/dt><\/dl><br style=\"clear: both\" \/><dl class='gallery-item'>\n\t\t\t<dt class='gallery-icon landscape'>\n\t\t\t\t<a href='https:\/\/www.ultimotipo.com.br\/site\/wp-content\/uploads\/2013\/08\/o_livro_de_rebeca_016.jpg'><img loading=\"lazy\" decoding=\"async\" width=\"150\" height=\"150\" src=\"https:\/\/www.ultimotipo.com.br\/site\/wp-content\/uploads\/2013\/08\/o_livro_de_rebeca_016-150x150.jpg\" class=\"attachment-thumbnail size-thumbnail\" alt=\"\" srcset=\"https:\/\/www.ultimotipo.com.br\/site\/wp-content\/uploads\/2013\/08\/o_livro_de_rebeca_016-150x150.jpg 150w, https:\/\/www.ultimotipo.com.br\/site\/wp-content\/uploads\/2013\/08\/o_livro_de_rebeca_016-70x70.jpg 70w\" sizes=\"(max-width: 150px) 100vw, 150px\" \/><\/a>\n\t\t\t<\/dt><\/dl><dl class='gallery-item'>\n\t\t\t<dt class='gallery-icon landscape'>\n\t\t\t\t<a href='https:\/\/www.ultimotipo.com.br\/site\/wp-content\/uploads\/2013\/08\/o_livro_de_rebeca_014.jpg'><img loading=\"lazy\" decoding=\"async\" width=\"150\" height=\"150\" src=\"https:\/\/www.ultimotipo.com.br\/site\/wp-content\/uploads\/2013\/08\/o_livro_de_rebeca_014-150x150.jpg\" class=\"attachment-thumbnail size-thumbnail\" alt=\"\" srcset=\"https:\/\/www.ultimotipo.com.br\/site\/wp-content\/uploads\/2013\/08\/o_livro_de_rebeca_014-150x150.jpg 150w, https:\/\/www.ultimotipo.com.br\/site\/wp-content\/uploads\/2013\/08\/o_livro_de_rebeca_014-70x70.jpg 70w\" sizes=\"(max-width: 150px) 100vw, 150px\" \/><\/a>\n\t\t\t<\/dt><\/dl><dl class='gallery-item'>\n\t\t\t<dt class='gallery-icon landscape'>\n\t\t\t\t<a href='https:\/\/www.ultimotipo.com.br\/site\/wp-content\/uploads\/2013\/08\/o_livro_de_rebeca_013.jpg'><img loading=\"lazy\" decoding=\"async\" width=\"150\" height=\"150\" src=\"https:\/\/www.ultimotipo.com.br\/site\/wp-content\/uploads\/2013\/08\/o_livro_de_rebeca_013-150x150.jpg\" class=\"attachment-thumbnail size-thumbnail\" alt=\"\" srcset=\"https:\/\/www.ultimotipo.com.br\/site\/wp-content\/uploads\/2013\/08\/o_livro_de_rebeca_013-150x150.jpg 150w, https:\/\/www.ultimotipo.com.br\/site\/wp-content\/uploads\/2013\/08\/o_livro_de_rebeca_013-70x70.jpg 70w\" sizes=\"(max-width: 150px) 100vw, 150px\" \/><\/a>\n\t\t\t<\/dt><\/dl><dl class='gallery-item'>\n\t\t\t<dt class='gallery-icon landscape'>\n\t\t\t\t<a href='https:\/\/www.ultimotipo.com.br\/site\/wp-content\/uploads\/2013\/08\/o_livro_de_rebeca_012.jpg'><img loading=\"lazy\" decoding=\"async\" width=\"150\" height=\"150\" src=\"https:\/\/www.ultimotipo.com.br\/site\/wp-content\/uploads\/2013\/08\/o_livro_de_rebeca_012-150x150.jpg\" class=\"attachment-thumbnail size-thumbnail\" alt=\"\" srcset=\"https:\/\/www.ultimotipo.com.br\/site\/wp-content\/uploads\/2013\/08\/o_livro_de_rebeca_012-150x150.jpg 150w, https:\/\/www.ultimotipo.com.br\/site\/wp-content\/uploads\/2013\/08\/o_livro_de_rebeca_012-70x70.jpg 70w\" sizes=\"(max-width: 150px) 100vw, 150px\" \/><\/a>\n\t\t\t<\/dt><\/dl><br style=\"clear: both\" \/><dl class='gallery-item'>\n\t\t\t<dt class='gallery-icon landscape'>\n\t\t\t\t<a href='https:\/\/www.ultimotipo.com.br\/site\/wp-content\/uploads\/2013\/08\/o_livro_de_rebeca_011.jpg'><img loading=\"lazy\" decoding=\"async\" width=\"150\" height=\"150\" src=\"https:\/\/www.ultimotipo.com.br\/site\/wp-content\/uploads\/2013\/08\/o_livro_de_rebeca_011-150x150.jpg\" class=\"attachment-thumbnail size-thumbnail\" alt=\"\" srcset=\"https:\/\/www.ultimotipo.com.br\/site\/wp-content\/uploads\/2013\/08\/o_livro_de_rebeca_011-150x150.jpg 150w, https:\/\/www.ultimotipo.com.br\/site\/wp-content\/uploads\/2013\/08\/o_livro_de_rebeca_011-70x70.jpg 70w\" sizes=\"(max-width: 150px) 100vw, 150px\" \/><\/a>\n\t\t\t<\/dt><\/dl><dl class='gallery-item'>\n\t\t\t<dt class='gallery-icon landscape'>\n\t\t\t\t<a href='https:\/\/www.ultimotipo.com.br\/site\/wp-content\/uploads\/2013\/08\/o_livro_de_rebeca_008.jpg'><img loading=\"lazy\" decoding=\"async\" width=\"150\" height=\"150\" src=\"https:\/\/www.ultimotipo.com.br\/site\/wp-content\/uploads\/2013\/08\/o_livro_de_rebeca_008-150x150.jpg\" class=\"attachment-thumbnail size-thumbnail\" alt=\"\" srcset=\"https:\/\/www.ultimotipo.com.br\/site\/wp-content\/uploads\/2013\/08\/o_livro_de_rebeca_008-150x150.jpg 150w, https:\/\/www.ultimotipo.com.br\/site\/wp-content\/uploads\/2013\/08\/o_livro_de_rebeca_008-70x70.jpg 70w\" sizes=\"(max-width: 150px) 100vw, 150px\" \/><\/a>\n\t\t\t<\/dt><\/dl><dl class='gallery-item'>\n\t\t\t<dt class='gallery-icon landscape'>\n\t\t\t\t<a href='https:\/\/www.ultimotipo.com.br\/site\/wp-content\/uploads\/2013\/08\/o_livro_de_rebeca_009.jpg'><img loading=\"lazy\" decoding=\"async\" width=\"150\" height=\"150\" src=\"https:\/\/www.ultimotipo.com.br\/site\/wp-content\/uploads\/2013\/08\/o_livro_de_rebeca_009-150x150.jpg\" class=\"attachment-thumbnail size-thumbnail\" alt=\"\" srcset=\"https:\/\/www.ultimotipo.com.br\/site\/wp-content\/uploads\/2013\/08\/o_livro_de_rebeca_009-150x150.jpg 150w, https:\/\/www.ultimotipo.com.br\/site\/wp-content\/uploads\/2013\/08\/o_livro_de_rebeca_009-70x70.jpg 70w\" sizes=\"(max-width: 150px) 100vw, 150px\" \/><\/a>\n\t\t\t<\/dt><\/dl><dl class='gallery-item'>\n\t\t\t<dt class='gallery-icon landscape'>\n\t\t\t\t<a href='https:\/\/www.ultimotipo.com.br\/site\/wp-content\/uploads\/2013\/08\/o_livro_de_rebeca_010.jpg'><img loading=\"lazy\" decoding=\"async\" width=\"150\" height=\"150\" src=\"https:\/\/www.ultimotipo.com.br\/site\/wp-content\/uploads\/2013\/08\/o_livro_de_rebeca_010-150x150.jpg\" class=\"attachment-thumbnail size-thumbnail\" alt=\"\" srcset=\"https:\/\/www.ultimotipo.com.br\/site\/wp-content\/uploads\/2013\/08\/o_livro_de_rebeca_010-150x150.jpg 150w, https:\/\/www.ultimotipo.com.br\/site\/wp-content\/uploads\/2013\/08\/o_livro_de_rebeca_010-70x70.jpg 70w\" sizes=\"(max-width: 150px) 100vw, 150px\" \/><\/a>\n\t\t\t<\/dt><\/dl><br style=\"clear: both\" \/><dl class='gallery-item'>\n\t\t\t<dt class='gallery-icon portrait'>\n\t\t\t\t<a href='https:\/\/www.ultimotipo.com.br\/site\/wp-content\/uploads\/2013\/08\/o_livro_de_rebeca_007.jpg'><img loading=\"lazy\" decoding=\"async\" width=\"150\" height=\"150\" src=\"https:\/\/www.ultimotipo.com.br\/site\/wp-content\/uploads\/2013\/08\/o_livro_de_rebeca_007-150x150.jpg\" class=\"attachment-thumbnail size-thumbnail\" alt=\"\" srcset=\"https:\/\/www.ultimotipo.com.br\/site\/wp-content\/uploads\/2013\/08\/o_livro_de_rebeca_007-150x150.jpg 150w, https:\/\/www.ultimotipo.com.br\/site\/wp-content\/uploads\/2013\/08\/o_livro_de_rebeca_007-70x70.jpg 70w\" sizes=\"(max-width: 150px) 100vw, 150px\" \/><\/a>\n\t\t\t<\/dt><\/dl><dl class='gallery-item'>\n\t\t\t<dt class='gallery-icon landscape'>\n\t\t\t\t<a href='https:\/\/www.ultimotipo.com.br\/site\/wp-content\/uploads\/2013\/08\/o_livro_de_rebeca_001.jpg'><img loading=\"lazy\" decoding=\"async\" width=\"150\" height=\"150\" src=\"https:\/\/www.ultimotipo.com.br\/site\/wp-content\/uploads\/2013\/08\/o_livro_de_rebeca_001-150x150.jpg\" class=\"attachment-thumbnail size-thumbnail\" alt=\"\" srcset=\"https:\/\/www.ultimotipo.com.br\/site\/wp-content\/uploads\/2013\/08\/o_livro_de_rebeca_001-150x150.jpg 150w, https:\/\/www.ultimotipo.com.br\/site\/wp-content\/uploads\/2013\/08\/o_livro_de_rebeca_001-70x70.jpg 70w\" sizes=\"(max-width: 150px) 100vw, 150px\" \/><\/a>\n\t\t\t<\/dt><\/dl><dl class='gallery-item'>\n\t\t\t<dt class='gallery-icon landscape'>\n\t\t\t\t<a href='https:\/\/www.ultimotipo.com.br\/site\/wp-content\/uploads\/2013\/08\/o_livro_de_rebeca_005.jpg'><img loading=\"lazy\" decoding=\"async\" width=\"150\" height=\"150\" src=\"https:\/\/www.ultimotipo.com.br\/site\/wp-content\/uploads\/2013\/08\/o_livro_de_rebeca_005-150x150.jpg\" class=\"attachment-thumbnail size-thumbnail\" alt=\"\" srcset=\"https:\/\/www.ultimotipo.com.br\/site\/wp-content\/uploads\/2013\/08\/o_livro_de_rebeca_005-150x150.jpg 150w, https:\/\/www.ultimotipo.com.br\/site\/wp-content\/uploads\/2013\/08\/o_livro_de_rebeca_005-70x70.jpg 70w\" sizes=\"(max-width: 150px) 100vw, 150px\" \/><\/a>\n\t\t\t<\/dt><\/dl><dl class='gallery-item'>\n\t\t\t<dt class='gallery-icon landscape'>\n\t\t\t\t<a href='https:\/\/www.ultimotipo.com.br\/site\/wp-content\/uploads\/2013\/08\/o_livro_de_rebeca_004.jpg'><img loading=\"lazy\" decoding=\"async\" width=\"150\" height=\"150\" src=\"https:\/\/www.ultimotipo.com.br\/site\/wp-content\/uploads\/2013\/08\/o_livro_de_rebeca_004-150x150.jpg\" class=\"attachment-thumbnail size-thumbnail\" alt=\"\" srcset=\"https:\/\/www.ultimotipo.com.br\/site\/wp-content\/uploads\/2013\/08\/o_livro_de_rebeca_004-150x150.jpg 150w, https:\/\/www.ultimotipo.com.br\/site\/wp-content\/uploads\/2013\/08\/o_livro_de_rebeca_004-70x70.jpg 70w\" sizes=\"(max-width: 150px) 100vw, 150px\" \/><\/a>\n\t\t\t<\/dt><\/dl><br style=\"clear: both\" \/><dl class='gallery-item'>\n\t\t\t<dt class='gallery-icon portrait'>\n\t\t\t\t<a href='https:\/\/www.ultimotipo.com.br\/site\/wp-content\/uploads\/2013\/08\/o_livro_de_rebeca_006.jpg'><img loading=\"lazy\" decoding=\"async\" width=\"150\" height=\"150\" src=\"https:\/\/www.ultimotipo.com.br\/site\/wp-content\/uploads\/2013\/08\/o_livro_de_rebeca_006-150x150.jpg\" class=\"attachment-thumbnail size-thumbnail\" alt=\"\" srcset=\"https:\/\/www.ultimotipo.com.br\/site\/wp-content\/uploads\/2013\/08\/o_livro_de_rebeca_006-150x150.jpg 150w, https:\/\/www.ultimotipo.com.br\/site\/wp-content\/uploads\/2013\/08\/o_livro_de_rebeca_006-70x70.jpg 70w\" sizes=\"(max-width: 150px) 100vw, 150px\" \/><\/a>\n\t\t\t<\/dt><\/dl><dl class='gallery-item'>\n\t\t\t<dt class='gallery-icon landscape'>\n\t\t\t\t<a href='https:\/\/www.ultimotipo.com.br\/site\/wp-content\/uploads\/2013\/08\/o_livro_de_rebeca_003.jpg'><img loading=\"lazy\" decoding=\"async\" width=\"150\" height=\"150\" src=\"https:\/\/www.ultimotipo.com.br\/site\/wp-content\/uploads\/2013\/08\/o_livro_de_rebeca_003-150x150.jpg\" class=\"attachment-thumbnail size-thumbnail\" alt=\"\" srcset=\"https:\/\/www.ultimotipo.com.br\/site\/wp-content\/uploads\/2013\/08\/o_livro_de_rebeca_003-150x150.jpg 150w, https:\/\/www.ultimotipo.com.br\/site\/wp-content\/uploads\/2013\/08\/o_livro_de_rebeca_003-70x70.jpg 70w\" sizes=\"(max-width: 150px) 100vw, 150px\" \/><\/a>\n\t\t\t<\/dt><\/dl><dl class='gallery-item'>\n\t\t\t<dt class='gallery-icon portrait'>\n\t\t\t\t<a href='https:\/\/www.ultimotipo.com.br\/site\/wp-content\/uploads\/2013\/08\/o_livro_de_rebeca_002.jpg'><img loading=\"lazy\" decoding=\"async\" width=\"150\" height=\"150\" src=\"https:\/\/www.ultimotipo.com.br\/site\/wp-content\/uploads\/2013\/08\/o_livro_de_rebeca_002-150x150.jpg\" class=\"attachment-thumbnail size-thumbnail\" alt=\"\" srcset=\"https:\/\/www.ultimotipo.com.br\/site\/wp-content\/uploads\/2013\/08\/o_livro_de_rebeca_002-150x150.jpg 150w, https:\/\/www.ultimotipo.com.br\/site\/wp-content\/uploads\/2013\/08\/o_livro_de_rebeca_002-70x70.jpg 70w\" sizes=\"(max-width: 150px) 100vw, 150px\" \/><\/a>\n\t\t\t<\/dt><\/dl>\n\t\t\t<br style='clear: both' \/>\n\t\t<\/div>\n\n","protected":false},"excerpt":{"rendered":"<p>Tr\u00eas pilares b\u00e1sicos norteiam este enredo: primeiro, um livro; segundo, um autor que desiste de escrever porque acha que nem os adultos nem as crian\u00e7as se interessam por livros; e, terceiro, Rebeca, uma personagem em busca de algu\u00e9m que escreva um final para sua hist\u00f3ria. Rebeca j\u00e1 sabia que no dia em que fizesse 15 anos sua m\u00e3e iria revelar-lhe um segredo, mas, quando chega o grande dia, a sua hist\u00f3ria \u00e9 interrompida e nada mais acontece. E justamente neste &hellip; <a href=\"https:\/\/www.ultimotipo.com.br\/site\/espetaculos\/para-criancas\/o-livro-de-rebeca\/\">Leia Mais <span class=\"meta-nav\"> | +<\/span><\/a><\/p>\n","protected":false},"author":1,"featured_media":1281,"parent":1752,"menu_order":0,"comment_status":"closed","ping_status":"open","template":"","meta":{"footnotes":""},"_links":{"self":[{"href":"https:\/\/www.ultimotipo.com.br\/site\/wp-json\/wp\/v2\/pages\/61"}],"collection":[{"href":"https:\/\/www.ultimotipo.com.br\/site\/wp-json\/wp\/v2\/pages"}],"about":[{"href":"https:\/\/www.ultimotipo.com.br\/site\/wp-json\/wp\/v2\/types\/page"}],"author":[{"embeddable":true,"href":"https:\/\/www.ultimotipo.com.br\/site\/wp-json\/wp\/v2\/users\/1"}],"replies":[{"embeddable":true,"href":"https:\/\/www.ultimotipo.com.br\/site\/wp-json\/wp\/v2\/comments?post=61"}],"version-history":[{"count":16,"href":"https:\/\/www.ultimotipo.com.br\/site\/wp-json\/wp\/v2\/pages\/61\/revisions"}],"predecessor-version":[{"id":8114,"href":"https:\/\/www.ultimotipo.com.br\/site\/wp-json\/wp\/v2\/pages\/61\/revisions\/8114"}],"up":[{"embeddable":true,"href":"https:\/\/www.ultimotipo.com.br\/site\/wp-json\/wp\/v2\/pages\/1752"}],"wp:featuredmedia":[{"embeddable":true,"href":"https:\/\/www.ultimotipo.com.br\/site\/wp-json\/wp\/v2\/media\/1281"}],"wp:attachment":[{"href":"https:\/\/www.ultimotipo.com.br\/site\/wp-json\/wp\/v2\/media?parent=61"}],"curies":[{"name":"wp","href":"https:\/\/api.w.org\/{rel}","templated":true}]}}