{"id":6703,"date":"2017-03-07T01:48:25","date_gmt":"2017-03-07T01:48:25","guid":{"rendered":"http:\/\/www.ultimotipo.com.br\/site\/?page_id=6703"},"modified":"2019-02-14T17:41:37","modified_gmt":"2019-02-14T17:41:37","slug":"show-do-cd-o-treco-da-pata-choca","status":"publish","type":"page","link":"https:\/\/www.ultimotipo.com.br\/site\/espetaculos\/para-criancas\/show-do-cd-o-treco-da-pata-choca\/","title":{"rendered":"Show do CD O Treco da Pata Choca"},"content":{"rendered":"<p>O Show, assim como o CD \u201cO Treco da Pata Choca\u201d, traz a trilha da pe\u00e7a de mesmo nome. O espet\u00e1culo foi criado em 2009 atrav\u00e9s do FICC-Fundo de Investimentos Culturais de Campinas e desde ent\u00e3o j\u00e1 foram mais de 200 apresenta\u00e7\u00f5es em projetos como o Reciclando a Cena e Teatro nas Escolas al\u00e9m do projeto de circula\u00e7\u00e3o \u201cO Treco da Pata Choca\u201d atrav\u00e9s do PROAC. Desde o momento da estreia surgiu a vontade de registrar as m\u00fasicas em um CD e desde 2011 j\u00e1 estamos trabalhando nesta produ\u00e7\u00e3o, por\u00e9m foi em 2013, novamente atrav\u00e9s do FICC, que conseguimos finalizar o trabalho.<\/p>\n<p>As letras falam a respeito do ecossistema e a influ\u00eancia do homem sobre ele, na vis\u00e3o dos animais. Na hist\u00f3ria que contamos, ap\u00f3s uma explos\u00e3o, Dona Pata perde seu ovo. Na busca por seu filho ainda na casca, ela encontra outros animais que vivem situa\u00e7\u00f5es t\u00e3o complicadas quanto a sua, mas mesmo assim a auxiliam na busca pelo ovo perdido.<\/p>\n<p>As m\u00fasicas s\u00e3o todas do pr\u00f3prio grupo e trazem como caracter\u00edstica a mistura de ritmos e estilos musicais. Tem Jazz, samba, rock, reggae, guar\u00e2nia, frevo, afox\u00e9&#8230; E at\u00e9 um desafio ponteado por viola caipira. Isso \u00e9 acentuado e abrilhantado pela participa\u00e7\u00e3o de um time de m\u00fasicos de primeira linha como Marcel Rocha, Thibault Delor, Adriano Dias, Fabio Bergamini, Daniel Romaneto, Charbel Barroso, Anselmo Henrique, Magr\u00e3o (Roberto Peres) e Jo\u00e3o Arruda que foram especialmente convidados para criarem e tocarem nele.<\/p>\n<p>Como o resultado do CD foi acima do esperado, o grupo resolveu realizar um show com alguns desses m\u00fasicos e levar para o palco um pouco da pl\u00e1stica sonora obtida no \u00e1lbum. Fazem parte deste elenco Marcel Rocha (guitarra), que foi o respons\u00e1vel por boa parte da pl\u00e1stica de 5 das 10 m\u00fasicas gravadas, dando um ar mais eletr\u00f4nico e contempor\u00e2neo, Thibaut Delor no baixo ac\u00fastico e el\u00e9trico, dando um peso diferente para os ouvidos de quem j\u00e1 est\u00e1 acostumado ao som do \u00daltimo Tipo e Fabio Bergamini na bateria.<\/p>\n<p>Entre as m\u00fasicas ou mesmo durante elas, o \u00daltimo Tipo explora performances l\u00fadicas, improvisos e intera\u00e7\u00f5es com o p\u00fablico e conta assim um pouco mais sobre cada uma. Personagens como O Cara de Pau, A Gralha Azul, A Lib\u00e9lula, O Detetive e a Minhoca Dorminhoca, dentre outros, est\u00e3o presente neste show.<\/p>\n<p>O show do CD O Treco da Pata Choca j\u00e1 percorreu cidades como S\u00e3o Paulo, Santa B\u00e1rbara, Cotia, S\u00e3o Jos\u00e9 dos Campos, Cosm\u00f3polis, Campinas, Bauru, dentre outras, com total sucesso.<\/p>\n<p><strong>Ficha t\u00e9cnica do Show<\/strong><\/p>\n<p><strong><em>\u00a0<\/em><em>\u00daltimo Tipo: <\/em><\/strong><\/p>\n<p><em>\u00a0<\/em><em>Jara Carvalho \u2013 Viol\u00e3o, triangulo e voz<\/em><\/p>\n<p><em>D\u00e9o Piti \u2013 Pandeiro, percuss\u00f5es, teclado, tri\u00e2ngulo e voz<\/em><\/p>\n<p><em>L\u00f3ra Brito \u2013 Voz<\/em><\/p>\n<p><em>Velu Carvalho \u2013 Voz<\/em><\/p>\n<p><em><strong>M\u00fasicos convidados:<\/strong><\/em><\/p>\n<p><em>Marcel Rocha: Guitarras <\/em><\/p>\n<p><em>Thibault Delor: Baixo ac\u00fastico e El\u00e9trico <\/em><\/p>\n<p><em>Fabio Bergamini: Bateria e percuss\u00f5es<\/em><\/p>\n<p>T\u00e9cnico de Som : T\u00e9o Carvalho<\/p>\n<p>Ilumina\u00e7\u00e3o: Andr\u00e9 Salvador<\/p>\n<p>&nbsp;<\/p>\n<p><iframe loading=\"lazy\" title=\"Show do CD O treco da Pata Choca - Infantil\" width=\"580\" height=\"326\" src=\"https:\/\/www.youtube.com\/embed\/1-1qH95C_jE?feature=oembed\" frameborder=\"0\" allow=\"accelerometer; autoplay; clipboard-write; encrypted-media; gyroscope; picture-in-picture; web-share\" referrerpolicy=\"strict-origin-when-cross-origin\" allowfullscreen><\/iframe><\/p>\n","protected":false},"excerpt":{"rendered":"<p>O Show, assim como o CD \u201cO Treco da Pata Choca\u201d, traz a trilha da pe\u00e7a de mesmo nome. O espet\u00e1culo foi criado em 2009 atrav\u00e9s do FICC-Fundo de Investimentos Culturais de Campinas e desde ent\u00e3o j\u00e1 foram mais de 200 apresenta\u00e7\u00f5es em projetos como o Reciclando a Cena e Teatro nas Escolas al\u00e9m do projeto de circula\u00e7\u00e3o \u201cO Treco da Pata Choca\u201d atrav\u00e9s do PROAC. Desde o momento da estreia surgiu a vontade de registrar as m\u00fasicas em um &hellip; <a href=\"https:\/\/www.ultimotipo.com.br\/site\/espetaculos\/para-criancas\/show-do-cd-o-treco-da-pata-choca\/\">Leia Mais <span class=\"meta-nav\"> | +<\/span><\/a><\/p>\n","protected":false},"author":1,"featured_media":0,"parent":1752,"menu_order":0,"comment_status":"closed","ping_status":"closed","template":"","meta":{"footnotes":""},"_links":{"self":[{"href":"https:\/\/www.ultimotipo.com.br\/site\/wp-json\/wp\/v2\/pages\/6703"}],"collection":[{"href":"https:\/\/www.ultimotipo.com.br\/site\/wp-json\/wp\/v2\/pages"}],"about":[{"href":"https:\/\/www.ultimotipo.com.br\/site\/wp-json\/wp\/v2\/types\/page"}],"author":[{"embeddable":true,"href":"https:\/\/www.ultimotipo.com.br\/site\/wp-json\/wp\/v2\/users\/1"}],"replies":[{"embeddable":true,"href":"https:\/\/www.ultimotipo.com.br\/site\/wp-json\/wp\/v2\/comments?post=6703"}],"version-history":[{"count":8,"href":"https:\/\/www.ultimotipo.com.br\/site\/wp-json\/wp\/v2\/pages\/6703\/revisions"}],"predecessor-version":[{"id":8126,"href":"https:\/\/www.ultimotipo.com.br\/site\/wp-json\/wp\/v2\/pages\/6703\/revisions\/8126"}],"up":[{"embeddable":true,"href":"https:\/\/www.ultimotipo.com.br\/site\/wp-json\/wp\/v2\/pages\/1752"}],"wp:attachment":[{"href":"https:\/\/www.ultimotipo.com.br\/site\/wp-json\/wp\/v2\/media?parent=6703"}],"curies":[{"name":"wp","href":"https:\/\/api.w.org\/{rel}","templated":true}]}}